 is the units digit of ((-13)/(26/t))/1?
4
Let j(x) = x + 3. Let u be j(-5). Let a = u - -3. What is the units digit of 1/((-18)/(-17) - a)?
7
Let z be (24 + 4 - -4) + -1. Let t = z - 5. What is the tens digit of t?
2
Let a = 1 + 3. Let x(p) = -2 + a*p + 1 - 3. What is the units digit of x(5)?
6
Let j(p) = -4*p**2 + 2*p - 6. Let o(n) = -n**2 - n. Let h(k) = -j(k) + 2*o(k). Let z be 5/(-2)*2*-1. What is the tens digit of h(z)?
3
What is the tens digit of (72/20)/((-14)/(-700))?
8
Let x = 10 - -141. Let w = x - 75. What is the tens digit of w?
7
Let j be (-1*(-44 - -1))/1. Let g = j - 61. What is the units digit of ((-14)/4)/(3/g)?
1
Let v = -761 + 1572. What is the units digit of v?
1
Let y = -34 - -89. Suppose -4*c - c = 2*o - y, -5*c = -2*o + 105. What is the tens digit of o?
4
Let n(g) = -7*g**3 + 13*g**2 - 9*g - 27. Let k(q) = q + 0*q**2 - 13 - 3*q**3 + q - 7*q + 7*q**2. Let x(w) = -5*k(w) + 2*n(w). What is the units digit of x(8)?
3
Suppose -5*z = -z + 5*a - 25, z = -5*a + 10. What is the tens digit of (-2244)/(-55) + (-2)/(z*-2)?
4
Let u = 28 + 31. Suppose -3*o = -215 + u. What is the tens digit of o?
5
Let l = 140 + -92. Let q = l + -5. What is the units digit of q?
3
Suppose 0 = 3*s - 62 + 11. Let g = 9 - s. Let w(y) = -3*y + 5. What is the units digit of w(g)?
9
What is the hundreds digit of -15*((-995)/25 - (10 - 6))?
6
Suppose 0 = -2*l + 175 + 737. Let i = -319 + l. What is the units digit of i?
7
Let d(r) be the third derivative of 55*r**4/24 + r**3/2 - 10*r**2. What is the hundreds digit of d(2)?
1
Suppose 7512 = 2*r + 2*k, 2*r - 10*k - 7518 = -9*k. What is the tens digit of r?
5
Let w(x) = 13*x - 128. What is the units digit of w(40)?
2
Suppose -57*z + 46*z = -17083. What is the thousands digit of z?
1
Let b = 4 - -1. Suppose 12 = -f + b*f. Suppose 156 = f*s - x + 2*x, -201 = -4*s + x. What is the tens digit of s?
5
Suppose -4 = -4*v, -4*k = -9*v + 12*v - 14743. What is the hundreds digit of k?
6
Let v be (15/(-9))/(1/(-6) - 0). What is the tens digit of (-3318)/(-22) + 2 + v/55?
5
Let p(l) = l + 28. Let x be p(-19). Suppose 8*y - x*y + 57 = 0. What is the tens digit of y?
5
Let l(v) = 3*v**2 - 4*v - 3. Let n be l(-3). Suppose n = s + 2*y, 2*s - 47 = -3*y + 25. What is the units digit of s?
6
Let r = 1650 - 881. What is the hundreds digit of r?
7
Let u be (-20)/25*915/(-6). What is the tens digit of (u - 0)*(21/3 + -6)?
2
Let x = -47 + 49. Suppose -j = -5, -2*p = -x*j + j - 215. What is the tens digit of p?
1
Let a(m) = -m**3 + 13*m**2 - 12*m + 26. What is the units digit of a(12)?
6
Suppose 3*h = -n - 4*n - 5, -2*n + 29 = -5*h. Suppose 4*g = n*x - 14 - 4, 0 = 4*x - 3*g - 21. Suppose -x*b + 192 = -0*b. What is the tens digit of b?
6
What is the hundreds digit of (928/10)/((-52)/(-520))?
9
Suppose 10 = 2*r, 3*q - 2*r - 1380 = 251. What is the hundreds digit of q?
5
Let u(w) = 27 - 76*w**3 + 77*w**3 + 6 - 10*w. What is the tens digit of u(7)?
0
Suppose 43 = -5*w - 297. Let u = w + 75. What is the units digit of u?
7
Suppose -2*m = i - 196, -5*i + i + 758 = -5*m. What is the units digit of i?
2
Let y be 8/10 + (-178)/10. Let g = y - -13. What is the units digit of 2 + 12/g + 2?
1
What is the units digit of 252 + -4 + (8 - 14)?
2
Suppose -5*l - 7424 = 4*r - 23524, 5*l = -3*r + 16095. What is the hundreds digit of l?
2
Let x(w) = -75*w**3 + 9*w**2 + 14*w + 5. What is the units digit of x(-3)?
9
Let s(h) = -h**3 + 10*h**2 - 10*h + 20. Suppose 2*j = 2 + 14. What is the tens digit of s(j)?
6
Suppose -j - 5*h = -872, -3*h + 20 = 23. What is the tens digit of j?
7
Suppose 3*j = j. Suppose j = -2*q + 5 - 1. What is the tens digit of q/(-10) + 1368/40?
3
Suppose -4*b - 1 = 4*o - 13, 0 = -3*o + 2*b + 9. Let x be o/6*2*-3. What is the units digit of (-16)/(-6)*x/(-2)?
4
Suppose -2*f = -7*f - 11090. What is the tens digit of f/(-18) + (-8)/36?
2
Suppose 9*y = -y - 2150. What is the tens digit of (-3)/(-30)*-6*y?
2
Suppose -4*s = -4965 + 189. What is the units digit of s?
4
Let l = -24 + 20. Let w = l + 7. Suppose -2*b - 7*z = -3*z - 72, w*b + 5*z - 105 = 0. What is the tens digit of b?
3
Suppose -2*n + 4*o = 42, -n + 2*n = 5*o - 27. Suppose -l + 5*u + 215 = 3*l, -u = -3*l + 153. Let x = n + l. What is the units digit of x?
3
Let j(f) = -f**3 + 14*f**2 + 19*f - 21. Let h(p) = p**2 - 14*p - 17. Let t be h(16). What is the tens digit of j(t)?
3
Let b = 33 - 31. Suppose b*f + 0 = -5*r - 4, -r - 8 = -2*f. What is the units digit of f?
3
Let t(z) = 5*z + 5. Let a be t(-1). Suppose -13*l + 47 + 1422 = a. What is the units digit of l?
3
What is the units digit of 1/((-6)/(-6759))*138/207?
1
Let i(k) = -3*k + 3. Suppose -3*p + 20 = 11. Let c be i(p). What is the tens digit of c/((-2)/16*3)?
1
Suppose 8*t = 2781 + 267. What is the hundreds digit of t?
3
Let k = 5333 - 692. What is the thousands digit of k?
4
Let v = -67 - -40. What is the tens digit of (99/v)/((-1)/39)?
4
Suppose 2 = 2*t, -5*t - 19 = -q - 2*q. Let j = -4 + q. Suppose 0 = -j*s - 0*s + 8. What is the units digit of s?
2
What is the units digit of 133869/51 - 48/(-408)?
5
Suppose 3*v - 3*g + 3 = 0, 3*v - g - g = 0. Let b be 10*(3 + v*-2). Let i = 36 + b. What is the tens digit of i?
2
Let a = 1468 + -2070. Let d be (1 - 27)*9/9. What is the units digit of a/d + (-6)/39?
3
What is the hundreds digit of ((-144)/(-27))/(8/(-5796)*-1)?
8
Suppose -2*d + 5*r - 15 = -7*d, -5*d + 45 = -5*r. Suppose 5*i - 67 = 4*h, -3*i + 3*h = -0*i - 39. Suppose -d*x + i + 21 = 0. What is the units digit of x?
6
Let h(a) = 200*a - 7. What is the units digit of h(8)?
3
Let b(d) = d**3 - 12*d**2 + 20*d + 5. Let g be b(10). Suppose g*o - 5 - 440 = 0. What is the tens digit of o?
8
Suppose -3*n - 4*m = -12, 0*m + 15 = 5*m. Suppose n = p - 3. Suppose -p*h + 29 = -40. What is the tens digit of h?
2
Suppose -4*z - 7*z + 44 = 0. Suppose -2*g = -8, z*a - 35 - 261 = 4*g. What is the tens digit of a?
7
Let m(v) = 11*v + 2. Let t be m(2). Suppose 29*i - 14 = 30*i. Let b = i + t. What is the tens digit of b?
1
Suppose 4*w = 2*w. Suppose -s + 4 = 0, w*a - 67 = -a + 3*s. Let p = -34 + a. What is the units digit of p?
5
Suppose 2*b + 23*y = 18*y + 2471, -4*b = 5*y - 4947. What is the thousands digit of b?
1
Suppose 0 = 4*m - 2*c - 560, -30*c + 28*c = 5*m - 700. What is the hundreds digit of m?
1
Suppose 657 + 1785 = 6*t. Suppose 16*y = t + 2457. What is the tens digit of y?
7
Let x = -2143 - -3533. What is the units digit of x?
0
Let q(u) = u**3 - 4*u**2 - 7*u + 6. Let r be q(5). Let x be (-93)/12 - (-1)/r. Let m = -7 - x. What is the units digit of m?
1
Let a(m) = -m**3 + 3*m + 2. Let z be a(-3). Suppose 2*f = -2*f - z, 5*t - f = 305. What is the units digit of t?
0
Let i(c) be the third derivative of 0*c + 3*c**2 + 0*c**3 + 0 + 1/12*c**4 + 1/10*c**5. What is the units digit of i(-2)?
0
Let k(f) = 13*f**3 + 2*f**2 + 4*f - 4. What is the units digit of k(5)?
1
Let x(j) = 7*j**2 - 3*j - 1. Let m be x(-2). Let i = 163 + -115. Let s = i - m. What is the tens digit of s?
1
Suppose -15*z + 10*z - 5 = 0. Suppose 0 = 4*l + l + 65. Let r = z - l. What is the units digit of r?
2
Suppose -6*o - 10 = u - 2*o, -u = 3*o + 7. Let h(k) = 5*k**3 - 2*k**2 - k. What is the tens digit of h(u)?
3
Suppose q + 74 = 5*y, -5*y - 104 - 67 = 4*q. Let g = q + 129. What is the units digit of g?
0
Suppose 55*g - 33*g = 34518. What is the thousands digit of g?
1
Let q be 0 - (4 + -5)*5. Suppose -q*y + 1055 = -4*n, 4*n = y + n - 211. What is the units digit of y?
1
Let o(d) = d + 127. Let i be o(13). Suppose -3*v + 9 = -6. Suppose 0*q - i = -v*q. What is the units digit of q?
8
Suppose -3*f - 35 = -5*j, -3*j - 4*f = -1 + 9. What is the units digit of 2 - ((-79)/j + (-1)/4)?
2
Suppose 251 - 1457 = -6*q. What is the tens digit of q?
0
Let x(c) = -c**3 + 24*c**2 + 12*c + 78. What is the hundreds digit of x(24)?
3
Suppose -3*k = -2*z - 1153, 5*k - 5*z - 1931 = -4*z. What is the tens digit of k?
8
Suppose 9*u - 8*u + 17 = 0. Let m = -2 - u. What is the units digit of (m - 8) + (-3)/1?
4
Let p = -248 - -412. What is the hundreds digit of p?
1
Let m be (-5 - -1)/((-2)/(-1)) - -8. Suppose m*s - 472 = 2*s. What is the tens digit of s?
1
Suppose -t - 3 = -0. Let c be t/(3/27 + 0). Let w = 49 + c. What is the tens digit of w?
2
Let k = 1279 - 376. What is the tens dig